{"id":4528,"date":"2021-08-16T23:37:55","date_gmt":"2021-08-16T23:37:55","guid":{"rendered":"https:\/\/eyewear.com.co\/?post_type=product&#038;p=4528"},"modified":"2024-11-18T14:37:20","modified_gmt":"2024-11-18T14:37:20","slug":"bliz-active-vision-matt-orange-m12","status":"publish","type":"product","link":"https:\/\/eyewear.com.co\/index.php\/product\/bliz-active-vision-matt-orange-m12\/","title":{"rendered":"Bliz Active Vision Matt Orange M12"},"content":{"rendered":"","protected":false},"excerpt":{"rendered":"<p><strong>REF:<\/strong> 52101-61<br \/>\n<strong>SIZE: <\/strong>M\/L<br \/>\n<strong>COLOR:<\/strong> Matt Orange<br \/>\n<strong>LENS:<\/strong> Smoke<br \/>\n<strong>FILTER CATEGORY: <\/strong>3<\/p>\n<p>Visi\u00f3n; esta dise\u00f1ado para adaptarse a rostros m\u00e1s anchos. Son t\u00e9cnicamente avanzados con tecnolog\u00eda ligera y Jawbone. La almohadilla para la nariz y las patillas se ajustan f\u00e1cilmente para brindar una comodidad inmejorable. El gran lente cil\u00edndrico tiene una alta calidad \u00f3ptica y maximiza su campo de visi\u00f3n. Vision est\u00e1 equipado con un lente Hydro Lens Tech, que le brinda una visi\u00f3n clara en cualquier condici\u00f3n clim\u00e1tica.<\/p>\n<p>Como caracter\u00edstica \u00fanica, puede usar un adaptador \u00f3ptico que se ajuste a la prescripci\u00f3n de sus anteojos (se puede comprar por separado). Vision es una elecci\u00f3n perfecta para el ciclismo, el esqu\u00ed y otros deportes multideportivos exigentes. \u00a1Una oportunidad de obtener una visi\u00f3n 100% \u00f3ptima adaptada a sus condiciones!<\/p>\n","protected":false},"featured_media":4529,"template":"","meta":{"_acf_changed":false},"product_brand":[],"product_cat":[163,161,138,149,183],"product_tag":[],"class_list":{"0":"post-4528","1":"product","2":"type-product","3":"status-publish","4":"has-post-thumbnail","6":"product_cat-blackfriday","7":"product_cat-dsi02","8":"product_cat-gafas-deportivas-active","9":"product_cat-vision","10":"product_cat-vision-hydro-lens-tech","12":"first","13":"outofstock","14":"sale","15":"taxable","16":"shipping-taxable","17":"purchasable","18":"product-type-simple"},"acf":[],"_links":{"self":[{"href":"https:\/\/eyewear.com.co\/index.php\/wp-json\/wp\/v2\/product\/4528","targetHints":{"allow":["GET"]}}],"collection":[{"href":"https:\/\/eyewear.com.co\/index.php\/wp-json\/wp\/v2\/product"}],"about":[{"href":"https:\/\/eyewear.com.co\/index.php\/wp-json\/wp\/v2\/types\/product"}],"wp:featuredmedia":[{"embeddable":true,"href":"https:\/\/eyewear.com.co\/index.php\/wp-json\/wp\/v2\/media\/4529"}],"wp:attachment":[{"href":"https:\/\/eyewear.com.co\/index.php\/wp-json\/wp\/v2\/media?parent=4528"}],"wp:term":[{"taxonomy":"product_brand","embeddable":true,"href":"https:\/\/eyewear.com.co\/index.php\/wp-json\/wp\/v2\/product_brand?post=4528"},{"taxonomy":"product_cat","embeddable":true,"href":"https:\/\/eyewear.com.co\/index.php\/wp-json\/wp\/v2\/product_cat?post=4528"},{"taxonomy":"product_tag","embeddable":true,"href":"https:\/\/eyewear.com.co\/index.php\/wp-json\/wp\/v2\/product_tag?post=4528"}],"curies":[{"name":"wp","href":"https:\/\/api.w.org\/{rel}","templated":true}]}}