{"id":4080,"date":"2021-08-05T02:19:37","date_gmt":"2021-08-05T02:19:37","guid":{"rendered":"https:\/\/eyewear.com.co\/?post_type=product&#038;p=4080"},"modified":"2024-11-18T14:39:53","modified_gmt":"2024-11-18T14:39:53","slug":"bliz-active-matrix-small-matt-white-m11","status":"publish","type":"product","link":"https:\/\/eyewear.com.co\/index.php\/product\/bliz-active-matrix-small-matt-white-m11\/","title":{"rendered":"Bliz Active Matrix Small Matt White M11"},"content":{"rendered":"","protected":false},"excerpt":{"rendered":"<div><strong>REF:<\/strong>52907-03<\/div>\n<div><strong>SIZE:<\/strong>\u00a0Small<\/div>\n<div class=\"ng-scope\"><strong>COLOR:<\/strong>\u00a0White<\/div>\n<div class=\"ng-scope\"><strong>LENS:<\/strong>\u00a0Smoke w blue multi<\/div>\n<div class=\"ng-scope\">\n<p><strong>FILTER CATEGORY:\u00a03<\/strong><\/p>\n<p>Libera tus poderes internos con Matrix Small. Un modelo perfecto para ciclismo, esqu\u00ed de fondo y otros deportes m\u00faltiples. Con Matrix Small nunca se pierde nada. El amplio campo de visi\u00f3n cil\u00edndrico y la ventilaci\u00f3n inteligente siempre proporcionan la mejor visi\u00f3n posible.<\/p>\n<p>Matrix Small est\u00e1 equipado con Hydro Lens Tech \u2122. Una lente en X-PC con alta calidad \u00f3ptica para una visi\u00f3n clara en diferentes condiciones clim\u00e1ticas. Obtiene la mayor comodidad posible con una almohadilla nasal ajustable y patillas ajustables. Matrix Small se ha creado pensando en su rendimiento.<\/p>\n<\/div>\n","protected":false},"featured_media":4081,"template":"","meta":{"_acf_changed":false},"product_brand":[],"product_cat":[161,138,175,151],"product_tag":[],"class_list":{"0":"post-4080","1":"product","2":"type-product","3":"status-publish","4":"has-post-thumbnail","6":"product_cat-dsi02","7":"product_cat-gafas-deportivas-active","8":"product_cat-matrix-small-hydro-lens-tech","9":"product_cat-matrix-small","11":"first","12":"outofstock","13":"taxable","14":"shipping-taxable","15":"purchasable","16":"product-type-simple"},"acf":[],"_links":{"self":[{"href":"https:\/\/eyewear.com.co\/index.php\/wp-json\/wp\/v2\/product\/4080","targetHints":{"allow":["GET"]}}],"collection":[{"href":"https:\/\/eyewear.com.co\/index.php\/wp-json\/wp\/v2\/product"}],"about":[{"href":"https:\/\/eyewear.com.co\/index.php\/wp-json\/wp\/v2\/types\/product"}],"wp:featuredmedia":[{"embeddable":true,"href":"https:\/\/eyewear.com.co\/index.php\/wp-json\/wp\/v2\/media\/4081"}],"wp:attachment":[{"href":"https:\/\/eyewear.com.co\/index.php\/wp-json\/wp\/v2\/media?parent=4080"}],"wp:term":[{"taxonomy":"product_brand","embeddable":true,"href":"https:\/\/eyewear.com.co\/index.php\/wp-json\/wp\/v2\/product_brand?post=4080"},{"taxonomy":"product_cat","embeddable":true,"href":"https:\/\/eyewear.com.co\/index.php\/wp-json\/wp\/v2\/product_cat?post=4080"},{"taxonomy":"product_tag","embeddable":true,"href":"https:\/\/eyewear.com.co\/index.php\/wp-json\/wp\/v2\/product_tag?post=4080"}],"curies":[{"name":"wp","href":"https:\/\/api.w.org\/{rel}","templated":true}]}}