{"id":3909,"date":"2021-07-25T13:38:45","date_gmt":"2021-07-25T13:38:45","guid":{"rendered":"https:\/\/eyewear.com.co\/?post_type=product&#038;p=3909"},"modified":"2024-11-18T14:43:09","modified_gmt":"2024-11-18T14:43:09","slug":"bliz-active-matrix-small-matt-burgundy-m11","status":"publish","type":"product","link":"https:\/\/eyewear.com.co\/index.php\/product\/bliz-active-matrix-small-matt-burgundy-m11\/","title":{"rendered":"Bliz Active Matrix Small Matt Burgundy M11"},"content":{"rendered":"","protected":false},"excerpt":{"rendered":"<p><strong>REF:<\/strong> 52007-49<br \/>\n<strong>SIZE:<\/strong> Small<br \/>\n<strong>COLOR:<\/strong> Burgundy<br \/>\n<strong>LENS<\/strong>: Brown w rose multi<br \/>\n<strong>FILTER CATEGORY<\/strong>: 3<\/p>\n<p>Libera tus poderes internos con Matrix Small. Un modelo perfecto para ciclismo, esqu\u00ed de fondo y otros deportes m\u00faltiples. Con Matrix Small nunca se pierde nada. El amplio campo de visi\u00f3n cil\u00edndrico y la ventilaci\u00f3n inteligente siempre proporcionan la mejor visi\u00f3n posible.<\/p>\n<p>Matrix Small est\u00e1 equipado con Hydro Lens Tech \u2122. Una lente en X-PC con alta calidad \u00f3ptica para una visi\u00f3n clara en diferentes condiciones clim\u00e1ticas. Obtiene la mayor comodidad posible con una almohadilla nasal ajustable y patillas ajustables. Matrix Small se ha creado pensando en su rendimiento.<\/p>\n<p><em><strong>LOS DESPACHOS SE REALIZAR\u00c1N EN UN PER\u00cdODO DE 5 A 15 D\u00cdAS<\/strong><\/em><\/p>\n","protected":false},"featured_media":3910,"template":"","meta":{"_acf_changed":false},"product_brand":[],"product_cat":[161,175,151],"product_tag":[],"class_list":{"0":"post-3909","1":"product","2":"type-product","3":"status-publish","4":"has-post-thumbnail","6":"product_cat-dsi02","7":"product_cat-matrix-small-hydro-lens-tech","8":"product_cat-matrix-small","10":"first","11":"outofstock","12":"taxable","13":"shipping-taxable","14":"purchasable","15":"product-type-simple"},"acf":[],"_links":{"self":[{"href":"https:\/\/eyewear.com.co\/index.php\/wp-json\/wp\/v2\/product\/3909","targetHints":{"allow":["GET"]}}],"collection":[{"href":"https:\/\/eyewear.com.co\/index.php\/wp-json\/wp\/v2\/product"}],"about":[{"href":"https:\/\/eyewear.com.co\/index.php\/wp-json\/wp\/v2\/types\/product"}],"wp:featuredmedia":[{"embeddable":true,"href":"https:\/\/eyewear.com.co\/index.php\/wp-json\/wp\/v2\/media\/3910"}],"wp:attachment":[{"href":"https:\/\/eyewear.com.co\/index.php\/wp-json\/wp\/v2\/media?parent=3909"}],"wp:term":[{"taxonomy":"product_brand","embeddable":true,"href":"https:\/\/eyewear.com.co\/index.php\/wp-json\/wp\/v2\/product_brand?post=3909"},{"taxonomy":"product_cat","embeddable":true,"href":"https:\/\/eyewear.com.co\/index.php\/wp-json\/wp\/v2\/product_cat?post=3909"},{"taxonomy":"product_tag","embeddable":true,"href":"https:\/\/eyewear.com.co\/index.php\/wp-json\/wp\/v2\/product_tag?post=3909"}],"curies":[{"name":"wp","href":"https:\/\/api.w.org\/{rel}","templated":true}]}}