{"id":3886,"date":"2021-07-25T13:03:21","date_gmt":"2021-07-25T13:03:21","guid":{"rendered":"https:\/\/eyewear.com.co\/?post_type=product&#038;p=3886"},"modified":"2024-11-18T14:43:21","modified_gmt":"2024-11-18T14:43:21","slug":"vision","status":"publish","type":"product","link":"https:\/\/eyewear.com.co\/index.php\/product\/vision\/","title":{"rendered":"Bliz Active Vision Matt Black M12"},"content":{"rendered":"","protected":false},"excerpt":{"rendered":"<p><strong>REF:<\/strong> 52001-14<br \/>\n<strong>SIZE:<\/strong>\u00a0M\/L<br \/>\n<strong>COLOR:<\/strong>\u00a0Black<br \/>\n<strong>LENS:<\/strong>\u00a0Brown with red multi<br \/>\n<strong>FILTER CATEGORY:<\/strong>\u00a03<\/p>\n<p>Visi\u00f3n; dise\u00f1ado para adaptarse a rostros m\u00e1s anchos. Son t\u00e9cnicamente avanzados con tecnolog\u00eda ligera y Jawbone. La almohadilla para la nariz y las patillas se ajustan f\u00e1cilmente para brindar una comodidad inmejorable. La gran lente cil\u00edndrica tiene una alta calidad \u00f3ptica y maximiza su campo de visi\u00f3n; est\u00e1 equipada con una lente Hydro Lens Tech, que le brinda una visi\u00f3n clara en cualquier condici\u00f3n clim\u00e1tica.<\/p>\n<p>Como caracter\u00edstica \u00fanica, puede usar un adaptador \u00f3ptico que se puede ajustar a la prescripci\u00f3n de sus anteojos (se puede comprar por separado). Vision es una elecci\u00f3n perfecta para el ciclismo, el esqu\u00ed y otros deportes multideportivos exigentes. \u00a1Una oportunidad de obtener una visi\u00f3n 100% \u00f3ptima adaptada a sus condiciones!<\/p>\n<p><em><strong>LOS DESPACHOS SE REALIZAR\u00c1N EN UN PER\u00cdODO DE 5 A 15 D\u00cdAS<\/strong><\/em><\/p>\n","protected":false},"featured_media":3887,"template":"","meta":{"_acf_changed":false},"product_brand":[],"product_cat":[161,149,183],"product_tag":[],"class_list":{"0":"post-3886","1":"product","2":"type-product","3":"status-publish","4":"has-post-thumbnail","6":"product_cat-dsi02","7":"product_cat-vision","8":"product_cat-vision-hydro-lens-tech","10":"first","11":"outofstock","12":"taxable","13":"shipping-taxable","14":"purchasable","15":"product-type-simple"},"acf":[],"_links":{"self":[{"href":"https:\/\/eyewear.com.co\/index.php\/wp-json\/wp\/v2\/product\/3886","targetHints":{"allow":["GET"]}}],"collection":[{"href":"https:\/\/eyewear.com.co\/index.php\/wp-json\/wp\/v2\/product"}],"about":[{"href":"https:\/\/eyewear.com.co\/index.php\/wp-json\/wp\/v2\/types\/product"}],"wp:featuredmedia":[{"embeddable":true,"href":"https:\/\/eyewear.com.co\/index.php\/wp-json\/wp\/v2\/media\/3887"}],"wp:attachment":[{"href":"https:\/\/eyewear.com.co\/index.php\/wp-json\/wp\/v2\/media?parent=3886"}],"wp:term":[{"taxonomy":"product_brand","embeddable":true,"href":"https:\/\/eyewear.com.co\/index.php\/wp-json\/wp\/v2\/product_brand?post=3886"},{"taxonomy":"product_cat","embeddable":true,"href":"https:\/\/eyewear.com.co\/index.php\/wp-json\/wp\/v2\/product_cat?post=3886"},{"taxonomy":"product_tag","embeddable":true,"href":"https:\/\/eyewear.com.co\/index.php\/wp-json\/wp\/v2\/product_tag?post=3886"}],"curies":[{"name":"wp","href":"https:\/\/api.w.org\/{rel}","templated":true}]}}